 -11 + 14 + (-4 - (-2 + 5)).
-4
What is -6 + 2 + (9 - 8) + 1?
-2
Evaluate (11 - 10) + (-3 - 2).
-4
12 + (0 - 0) - (170 + -164)
6
Calculate (3 - -3 - 4) + 2 + -3.
1
What is 11 + (2 - (-5 - -11)) + -2?
5
What is the value of (3 - (7 - 3)) + (-2 - 3)?
-6
(1 + -1 - 1) + -1 + -1
-3
Evaluate -9 - (1 + -19) - 4.
5
Calculate 15 - 8 - (0 - -7).
0
-66 - -69 - (2 + 2 + 1)
-2
Calculate -3 - (1 - 0 - 6).
2
Calculate -8 - (3 + -7) - -1.
-3
Calculate (2 - 4 - -10) + (-4 - -1).
5
What is 0 - (3 + -3 - 0)?
0
(-2 - 3) + 0 + 6 + 5
6
What is the value of (2 - 3) + (-6 - -8)?
1
Calculate -6 - (-3 + 0 + -5).
2
1 + -5 + 109 + -109
-4
(-1 - 7) + 19 + -15
-4
What is (-8 + (11 - 4) - -4) + -4?
-1
What is the value of 3 + (-2 - 3 - (2 - -1))?
-5
Evaluate 23 - 10 - 10 - 7.
-4
Evaluate -7 - ((-6 - -3) + -4).
0
7 - (12 + -6) - 0
1
3 + (5 + (1 - 3) - 8)
-2
What is the value of (8 - 10) + 1 + -7 + 3?
-5
(0 - 9) + 3 - -7
1
What is the value of 2 + -5 + -1 + 1?
-3
Calculate 1 - (-4 + -3 + -1 - -4).
5
What is (3 - (3 - (3 + -4))) + 2?
1
What is the value of -4 + (17 - (8 + -1))?
6
What is -7 - (-6 + 1 + 10 - 8)?
-4
(5 + 0 - 7) + 5
3
Calculate 6 - 12 - -4 - (1 + -4).
1
What is the value of 2 + 12 + -9 + -5 + -1?
-1
What is the value of 2 - (0 + 0 + 1)?
1
Evaluate 2 + -5 - 2 - (21 + -23).
-3
What is -2 + -7 - -6 - (8 + -5)?
-6
(2 - -3) + -5 - -6 - 4
2
Calculate -2 + -11 - (29 - 38).
-4
Calculate 10 + 2 + -5 + -10.
-3
Calculate 1 + -3 + (7 + -1 - 7).
-3
-2 + 0 - (3 - -1 - 5)
-1
Evaluate (2 - 8) + (-13 + 5 - -13).
-1
What is the value of (2 - -10) + -22 + 13?
3
Calculate 1 + -1 + (1 - 12 - -10).
-1
What is 0 + 0 - (4 + 3 + -4)?
-3
3 + -12 + 1 + 4
-4
What is 3 + -3 + 4 + -4?
0
What is the value of -5 - (-5 - (3 + -4))?
-1
Calculate 71 + -68 - (3 + 0 - -1).
-1
What is -74 - -78 - (5 - -1)?
-2
What is 7 - ((-2 - 3) + 17)?
-5
Evaluate 35 - 40 - (2 - 3).
-4
What is -8 + (3 - -3) - -3 - 6?
-5
What is 8 + -1 + 4 + (-2 - 10)?
-1
What is -12 + 4 + -4 + 22?
10
Calculate -16 + -4 + 9 + 8.
-3
Calculate 12 + -2 + 2 + -5 + 0.
7
Evaluate 2 - (19 + 10 + -18).
-9
6 - (2 - (0 + 0 - 1))
3
2 - 4 - (-9 + 4)
3
What is (-4 - -8) + -6 + (2 - 2)?
-2
Evaluate -2 - -4 - (3 + -9).
8
-4 - (-5 + (2 - -8))
-9
31 + -10 - 9 - (5 - 0)
7
What is -1 + 0 + (8 - 4 - 6)?
-3
What is the value of 6 - (4 + -2) - 0?
4
(1 - 14) + 30 + -11
6
Evaluate -3 + 4 + -4 + 4 + -3.
-2
Calculate -12 - (-16 + 10 - 3).
-3
(-2 - 1 - -1) + 54 + -62
-10
Evaluate 10 + -2 + -2 + 10 + -13.
3
What is 1 + 3 + (7 - 6)?
5
Evaluate 3 - 2 - (6 - (1 + 5)).
1
What is the value of 2 + 0 + -6 - -1?
-3
Calculate 6 + (-4 - (5 - 3)).
0
Evaluate -3 + -2 + 4 + -4 + 3.
-2
Calculate (-3 - -2 - -7) + -7.
-1
What is the value of 5 - 0 - (77 + -67)?
-5
Evaluate 9 + 2 + -27 + 8.
-8
Evaluate 2 - (-1 + (-9 + 7 - -1)).
4
What is the value of 2 + -3 - (3 - (0 - 0))?
-4
-1 - -2 - (5 - 1)
-3
What is 2 + 0 - -1 - (-36 + 40)?
-1
(-1 - -2) + (-7 - -7) + -2
-1
Calculate (13 - 15 - 10) + 19.
7
What is the value of 2 + 3 + -5 - 5?
-5
-4 - -4 - -9 - (1 + 5)
3
What is the value of -11 - -7 - -4 - (-1 - 1)?
2
What is 6 - 6 - (-9 + 7)?
2
What is 22 - 9 - 8 - 6?
-1
What is 5 - (8 + -7 + (2 - -1))?
1
What is -96 + 97 - (0 - -6)?
-5
-1 + 4 + (5 - 8)
0
Calculate -2 - 7 - (-5 - -1).
-5
1 - (-4 + 1 - -5)
-1
Calculate 12 + (-8 - -4 - -1).
9
(-4 - 2) + 3 - (-6 - -3)
0
What is the value of -3 + 4 + 4 - (22 - 24)?
7
Calculate 1 - ((-3 - -1) + -2).
5
(-6 - -4 - -5) + 5 + -7
1
What is the value of (-1 - -2) + (-6 - (8 + -7))?
-6
-3 + 1 - (-11 + 10)
-1
What is the value of (1 - 3) + (-18 - -15)?
-5
Calculate -1 + (-1 - -4 - 4).
-2
1 + 2 + -20 + 19
2
What is the value of 0 + -5 - (12 + -4 + -7)?
-6
Calculate -1 + 13 - (17 + -5).
0
What is 0 + 1 - (20 + -13)?
-6
3 + 4 + 4 + -7 + -1
3
(-5 - -5) + -2 + (10 - 8)
0
-1 + 4 - (-37 + 44)
-4
Evaluate -5 + (1 - 1 - -9).
4
Calculate 11 + (-9 + 2 - 0).
4
Calculate -12 + 0 + 23 + -19.
-8
Evaluate -2 + 5 + (-48 - -53).
8
Calculate 9 + 1 + (-6 - 0).
4
-5 + (15 - (0 + 10))
0
What is the value of 2 + (-10 + 8 - -5)?
5
Calculate 0 + 0 + (-10 - -8) - 2.
-4
Evaluate 1 - (0 - -1) - (-2 - 0).
2
-3 + (-9 - -9 - (-2 + 6))
-7
What is the value of 0 + -9 + 5 + 0?
-4
Calculate 2 - (3 - (6 - 8)).
-3
What is 8 + 1 - (-6 + 10)?
5
Evaluate -1 - -5 - (33 - 24).
-5
Evaluate (-3 - 3 - -3) + 0 - -4.
1
Calculate 4 - (5 + (5 - -4) + -6).
-4
What is the value of -5 + (-3 - -9) + (-1 - -2)?
2
Calculate -3 + 7 + (0 - -1).
5
Calculate (-11 - 1) + (-2 - -20).
6
0 - (-6 + 3 + -2)
5
What is the value of 2 + (1 - -2) - (34 + -29)?
0
What is the value of 3 + (-4 - (0 + 0))?
-1
What is the value of (2 - -2) + -5 + 9?
8
What is the value of 36 + -36 - ((-2 - -2) + -4)?
4
Calculate -8 - ((-11 - -3) + 3) - -1.
-2
What is the value of -3 - (-7 - 7) - 7?
4
What is the value of 4 - -2 - (7 + -3 + -3)?
5
What is 4 - 0 - (4 + -3 - -5)?
-2
What is -1 - (-2 - (-10 + 4) - 0)?
-5
Calculate -2 - (-1 - (3 - (-1 + 8))).
-5
Calculate (3 - (-2 - 0)) + -7.
-2
1 - 7 - -11 - 2
3
What is -1 + (1 - 1) + 1 - -7?
7
Evaluate (2 - (0 + 4) - -7) + 0.
5
What is (0 - (3 + -4 - -5)) + 5?
1
What is the value of 9 - (-14 + 8) - (-3 + 9)?
9
What is -2 + (-3 - -3 - (2 - 3))?
-1
Calculate -3 - (-11 + -4 + 7 + 7).
-2
3 + -7 - (-6 + 1)
1
Evaluate 1 + 0 - (-4 + -1 + 4).
2
Evaluate -2 + -2 + -2 - 2.
-8
What is 30 + -24 - (-1 - -2)?
5
Calculate 20 - 8 - (10 - -3).
-1
Evaluate -12 - -7 - -12 - (-1 + 2).
6
Calculate -4 + 6 - (9 - 5 - 1).
-1
What is -7 + 6 + 0 + 5 + 0?
4
Evaluate (-3 - -5 - 5) + 4.
1
Evaluate -6 - (1 + -1 - 2).
-4
What is 0 - 0 - -5 - (1 + 0)?
4
What is -5 - (4 + (-4 - 4))?
-1
3 - (-1 - (-1 + 1))
4
Calculate 1 + 5 - (2 - -8).
-4
What is the value of (1 + -6 + 1 - -7) + -3?
0
What is the value of 8 - (2 - 2 - -11)?
-3
((0 - -4) + -1 - 5) + 2
0
Calculate -3 + (-8 - 0) + -7 + 11.
-7
What is the value of -14 - -13 - (2 - -1)?
-4
What is the value of (-67 - -57) + (0 - 0) + 6?
-4
Evaluate -14 - -21 - (3 - 2 - 0).
6
What is the value of 10 - 1 - (20 - 1)?
-10
Evaluate (-3 - (-3 - -6 - 4)) + 3.
1
What is the value of (-5 - 3) + -6 - -11?
-3
Evaluate -10 + -3 - (-25 + 16).
-4
-95 - -94 - (1 - (0 + 0))
-2
What is (0 - -6) + 12 + -17?
1
What is 5 - 1 - (-3 - (-6 - 0))?
1
Evaluate (-2 - -5) + (11 - 12) - 9.
-7
What is the value of 10 - (-5 + (-6 - -24))?
-3
-14 - (5 + -10 - 4)
-5
-1 + -4 + (-46 - -52)
1
Calculate -1 + (8 + -5 - (1 + -1)).
2
(-17 - -10) + 15 - 1
7
0 - -6 - (7 - (5 - 2))
2
What is the value of 25 + -22 - (0 - -4 - 0)?
-1
Evaluate 2 - (-2 + -5 + 3).
6
What is the value of -3 + (-5 - -4) + 0 + -1?
-5
-3 - (0 - (10 - 4)) - -2
5
Evaluate ((-3 - -9) + -4 - 4) + 8.
6
What is the value of 3 + (9 + 0 - 11)?
1
What is the value of -10 + (6 - 6) + 14?
4
What is the value of -2 + 1 + -1 - -5?
3
What is the value of -5 - (5 - (2 - -3))?
-5
Calculate (8 - (20 + -7)) + -1.
-6
What is the value of 4 + (-2 - (2 + 1 + -5))?
4
What is 0 - (-2 - (1 - 4)) - -3?
2
Calculate 2 + (9 - 6 - 9).
-4
What is -3 - (2 - (9 + -3))?
1
Calculate -5 + (5 - 0) + 3.
3
Calculate (-5 + -2 - (7 - 11)) + 3.
0
What is 0 + 1 - (-1 - 3)?
5
Calculate (1 - 0) + (-6 - -1).
-4
(-4 - 13) + -5 + 15
-7
Calculate -5 - (2 + (-3 - 2) + 0).
-2
Evaluate 0 + (0 + (4 - 1) - 3).
0
Calculate (-9 - 0) + 2 - -12.
5
Evaluate 1 - (-2 - (3 + -5)).
1
Calculate 12 - (-10 + 7 - (2 - 6)).
11
What is -1 + (4 - 4) - -6 - 3?
2
What is the value of 1 - (18 - 7 - 7)?
-3
Calculate -8 + (-3 - -3) - -3.
-5
Calculate 7 + (-9 - (8 - 6)).
-4
-1 + 4 + -4 + (4 - 0)
3
Calculate (0 - -5) + (-55 - -50).
0
Evaluate (4 + 1 - 2) + 2.
5
What is the value of -2 - (-2 + (1 - -2 - -1))?
-4
Evaluate (0 - -1) + -1 + -5 - -2.
-3
Evaluate 8 - 15 - (-3 - 9).
5
What is the value of -8 + -4 + (8 + -5 - 0)?
-9
Evaluate 4 + 3 + (-4 - 2 - 1).
0
Evaluate -3 - (-9 - -1 - (-4 - -7)).
8
Calculate 1 + 11 + -5 + -12.
-5
5 - -3 - (16 + 3)
-11
What is the value of 0 + -4 - (-2 + 1 - 7)?
4
-3 - (-5 - -5) - -2
-1
What is the value of (12 - 14) + (-1 - 3) - -1?
-5
-1 + (-1 - -1 - -1) - -2
2
What is -2 + 9 + -2 + -4 - 0?
1
Calculate -5 + -1 - (47 - 48).
-5
10 + -3 + 18 + -15
10
1 + 1 - (-28 + 22) - 4
4
What is the value of -3 + (0 - (-9 + 7)) - 4?
-5
Calculate (-3 - (7 + -4 - 1)) + 13.
8
1 - 4 - ((5 - 9) + 0)
1
Calculate (0 + 10 - 6) + -11.
-7
Calculate (2 - -3) + (16 - 23).
-2
Evaluate -2 + 2 + 5 + -5.
0
Evaluate 6 +